{"id":44,"date":"2023-11-24T11:45:46","date_gmt":"2023-11-24T09:45:46","guid":{"rendered":"https:\/\/lhoedl.hak-digital.at\/?page_id=44"},"modified":"2023-11-24T12:14:22","modified_gmt":"2023-11-24T10:14:22","slug":"impressum","status":"publish","type":"page","link":"https:\/\/lhoedl.hak-digital.at\/?page_id=44","title":{"rendered":"Impressum"},"content":{"rendered":"\n<p>Lisa H\u00f6dl<\/p>\n\n\n\n<p>BAHK Korneuburg<br>Bankmannring 1<br>2100 Korneuburg<br><a href=\"https:\/\/www.hak-korneuburg.at\/\">News | BHAK Korneuburg (hak-korneuburg.at)<\/a><br><br>Diese Seite dient \u00dcbungszwecken im Rahmen des Unterrichts. F\u00fcr die Richtigkeit der Inhalte keine Gew\u00e4hrleistung. <br><\/p>\n","protected":false},"excerpt":{"rendered":"<p>Lisa H\u00f6dl BAHK KorneuburgBankmannring 12100 KorneuburgNews | BHAK Korneuburg (hak-korneuburg.at) Diese Seite dient \u00dcbungszwecken im Rahmen des Unterrichts. F\u00fcr die Richtigkeit der Inhalte keine Gew\u00e4hrleistung.<\/p>\n","protected":false},"author":1,"featured_media":0,"parent":0,"menu_order":4,"comment_status":"closed","ping_status":"closed","template":"","meta":{"ngg_post_thumbnail":0,"footnotes":""},"_links":{"self":[{"href":"https:\/\/lhoedl.hak-digital.at\/index.php?rest_route=\/wp\/v2\/pages\/44"}],"collection":[{"href":"https:\/\/lhoedl.hak-digital.at\/index.php?rest_route=\/wp\/v2\/pages"}],"about":[{"href":"https:\/\/lhoedl.hak-digital.at\/index.php?rest_route=\/wp\/v2\/types\/page"}],"author":[{"embeddable":true,"href":"https:\/\/lhoedl.hak-digital.at\/index.php?rest_route=\/wp\/v2\/users\/1"}],"replies":[{"embeddable":true,"href":"https:\/\/lhoedl.hak-digital.at\/index.php?rest_route=%2Fwp%2Fv2%2Fcomments&post=44"}],"version-history":[{"count":3,"href":"https:\/\/lhoedl.hak-digital.at\/index.php?rest_route=\/wp\/v2\/pages\/44\/revisions"}],"predecessor-version":[{"id":56,"href":"https:\/\/lhoedl.hak-digital.at\/index.php?rest_route=\/wp\/v2\/pages\/44\/revisions\/56"}],"wp:attachment":[{"href":"https:\/\/lhoedl.hak-digital.at\/index.php?rest_route=%2Fwp%2Fv2%2Fmedia&parent=44"}],"curies":[{"name":"wp","href":"https:\/\/api.w.org\/{rel}","templated":true}]}}